ds digit of 45882?
5
What is the ten thousands digit of 15116?
1
What is the ten thousands digit of 47596?
4
What is the hundreds digit of 795?
7
What is the hundreds digit of 2880?
8
What is the units digit of 4973?
3
What is the hundreds digit of 755?
7
What is the units digit of 4242?
2
What is the thousands digit of 176781?
6
What is the ten thousands digit of 88360?
8
What is the units digit of 8698?
8
What is the hundreds digit of 2550?
5
What is the tens digit of 39573?
7
What is the ten thousands digit of 94043?
9
What is the hundreds digit of 2987?
9
What is the tens digit of 1109?
0
What is the thousands digit of 4561?
4
What is the thousands digit of 12178?
2
What is the units digit of 13481?
1
What is the hundreds digit of 1779?
7
What is the thousands digit of 20082?
0
What is the units digit of 31299?
9
What is the thousands digit of 44166?
4
What is the units digit of 40450?
0
What is the thousands digit of 1969?
1
What is the units digit of 662?
2
What is the hundreds digit of 1565?
5
What is the hundreds digit of 897?
8
What is the thousands digit of 2981?
2
What is the units digit of 831?
1
What is the units digit of 17028?
8
What is the tens digit of 3444?
4
What is the tens digit of 12269?
6
What is the tens digit of 83170?
7
What is the hundreds digit of 20072?
0
What is the tens digit of 1654?
5
What is the thousands digit of 3862?
3
What is the ten thousands digit of 32251?
3
What is the thousands digit of 8015?
8
What is the tens digit of 1630?
3
What is the hundreds digit of 253?
2
What is the hundreds digit of 2523?
5
What is the tens digit of 5006?
0
What is the tens digit of 552?
5
What is the units digit of 19406?
6
What is the ten thousands digit of 24756?
2
What is the hundreds digit of 6343?
3
What is the ten thousands digit of 32374?
3
What is the units digit of 276?
6
What is the tens digit of 2774?
7
What is the units digit of 122628?
8
What is the tens digit of 2618?
1
What is the units digit of 329?
9
What is the tens digit of 4855?
5
What is the tens digit of 7404?
0
What is the tens digit of 2959?
5
What is the hundreds digit of 24207?
2
What is the units digit of 455?
5
What is the hundreds digit of 156896?
8
What is the units digit of 12899?
9
What is the units digit of 16838?
8
What is the tens digit of 742?
4
What is the hundreds digit of 129478?
4
What is the units digit of 40359?
9
What is the ten thousands digit of 37410?
3
What is the tens digit of 21193?
9
What is the tens digit of 3339?
3
What is the units digit of 3692?
2
What is the hundreds digit of 20536?
5
What is the units digit of 4519?
9
What is the tens digit of 393?
9
What is the hundreds digit of 3536?
5
What is the thousands digit of 6241?
6
What is the thousands digit of 5793?
5
What is the tens digit of 22382?
8
What is the thousands digit of 7508?
7
What is the thousands digit of 2063?
2
What is the tens digit of 502?
0
What is the units digit of 100?
0
What is the tens digit of 2214?
1
What is the units digit of 7627?
7
What is the hundreds digit of 4957?
9
What is the hundreds digit of 569?
5
What is the tens digit of 163033?
3
What is the ten thousands digit of 21341?
2
What is the hundreds digit of 34010?
0
What is the tens digit of 3033?
3
What is the hundred thousands digit of 181886?
1
What is the ten thousands digit of 12313?
1
What is the ten thousands digit of 22188?
2
What is the units digit of 118491?
1
What is the hundreds digit of 208?
2
What is the hundred thousands digit of 101572?
1
What is the ten thousands digit of 34216?
3
What is the tens digit of 41777?
7
What is the hundreds digit of 580?
5
What is the units digit of 264?
4
What is the thousands digit of 2605?
2
What is the units digit of 3393?
3
What is the hundreds digit of 41813?
8
What is the ten thousands digit of 35788?
3
What is the hundreds digit of 60248?
2
What is the units digit of 11670?
0
What is the hundreds digit of 45392?
3
What is the units digit of 94153?
3
What is the units digit of 279?
9
What is the tens digit of 3607?
0
What is the hundreds digit of 14352?
3
What is the hundreds digit of 13678?
6
What is the tens digit of 146746?
4
What is the tens digit of 38457?
5
What is the ten thousands digit of 16613?
1
What is the thousands digit of 5645?
5
What is the tens digit of 891?
9
What is the ten thousands digit of 38395?
3
What is the units digit of 3689?
9
What is the hundreds digit of 25020?
0
What is the ten thousands digit of 49035?
4
What is the units digit of 85836?
6
What is the tens digit of 1682?
8
What is the hundreds digit of 181?
1
What is the tens digit of 6917?
1
What is the tens digit of 515?
1
What is the hundreds digit of 42570?
5
What is the tens digit of 1342?
4
What is the hundreds digit of 392?
3
What is the units digit of 379?
9
What is the tens digit of 286?
8
What is the hundreds digit of 1209?
2
What is the units digit of 9236?
6
What is the tens digit of 46?
4
What is the units digit of 391?
1
What is the hundreds digit of 390?
3
What is the units digit of 402?
2
What is the hundreds digit of 1136?
1
What is the thousands digit of 35158?
5
What is the tens digit of 268?
6
What is the tens digit of 614?
1
What is the thousands digit of 3524?
3
What is the ten thousands digit of 56031?
5
What is the tens digit of 33670?
7
What is the tens digit of 5557?
5
What is the hundreds digit of 2497?
4
What is the hundreds digit of 2122?
1
What is the ten thousands digit of 27821?
2
What is the tens digit of 53249?
4
What is the hundreds digit of 850?
8
What is the tens digit of 5527?
2
What is the units digit of 13192?
2
What is the units digit of 487?
7
What is the tens digit of 250?
5
What is the units digit of 17264?
4
What is the units digit of 10249?
9
What is the tens digit of 1020?
2
What is the tens digit of 10863?
6
What is the hundreds digit of 187061?
0
What is the thousands digit of 3858?
3
What is the tens digit of 10512?
1
What is the ten thousands digit of 97592?
9
What is the units digit of 5966?
6
What is the tens digit of 7003?
0
What is the hundreds digit of 2542?
5
What is the ten thousands digit of 14044?
1
What is the thousands digit of 78867?
8
What is the thousands digit of 15950?
5
What is the tens digit of 4411?
1
What is the thousands digit of 14999?
4
What is the hundred thousands digit of 120128?
1
What is the units digit of 20862?
2
What is the ten thousands digit of 28473?
2
What is the thousands digit of 52467?
2
What is the tens digit of 16993?
9
What is the ten thousands digit of 46373?
4
What is the hundreds digit of 35271?
2
What is the units digit of 2740?
0
What is the hundreds digit of 1303?
3
What is the tens digit of 69006?
0
What is the units digit of 4348?
8
What is the tens digit of 521?
2
What is the tens digit of 6077?
7
What is the units digit of 16914?
4
What is the hundreds digit of 54271?
2
What is the thousands digit of 17232?
7
What is the thousands digit of 7343?
7
What is the hundreds digit of 5906?
9
What is the units digit of 836?
6
What is the tens digit of 74602?
0
What is the thousands digit of 15012?
5
What is the units digit of 1007?
7
What is the units digit of 45420?
0
What is the thousands digit of 6385?
6
What is the thousands digit of 66850?
6
What is the hundreds digit of 23832?
8
What is the hundreds digit of 386?
3
What is the tens digit of 2403?
0
What is the units digit of 3047?
7
What is the hundreds digit of 10371?
3
What is the units digit of 7512?
2
What is the thousands digit of 95800?
5
What is the units digit of 7707?
7
What is the ten thousands digit of 58675?
5
What is the tens digit of 388?
8
What is the ten thousands digit of 57629?
5
What is the units digit of 7553?
3
What is the hundreds digit of 2030?
0
What is the tens digit of 6059?
5
What is the tens digit of 4544?
4
What is the units digit of 5788?
8
What is the tens digit of 11043?
4
What is the hundreds digit of 2449?
4
What is the thousands digit of 1209?
1
What is the units digit of 15853?
3
What is the thousands digit of 62864?
2
What is the hundreds digit of 2578?
5
What is the hundreds digit of 3579?
5
What is the hundreds digit of 19359?
3
What is the thousands digit of 31278?
1
What is the thousands digit of 5175?
5
What is the units digit of 2658?
8
What is the tens dig